*b = 32 - 572. What is the tens digit of b?
5
What is the thousands digit of 10343680/2880 - 10/18?
3
Let a = -356 - -161. Let c = a + 246. What is the tens digit of c?
5
Let w(p) = -486*p + 831. What is the units digit of w(-16)?
7
Let a be -4 - -1*(-4 + 11). Suppose a*n = 3*x + 479 + 307, -5*x = 5*n - 1280. What is the units digit of n?
9
Let g(r) = 2*r - 13. Let i = -421 - -428. What is the units digit of g(i)?
1
Let c(k) = -49*k + 57*k - 23 - 60. Let a be c(27). Suppose -2*y + 4 = -4, p + 4*y - a = 0. What is the tens digit of p?
1
Let n = 10994 + 3272. What is the ten thousands digit of n?
1
Let z(b) = -33*b**2 + 5*b - 16. Let a be z(-7). Let n be (-12)/(-5) + -3 - a/30. Let p = 169 - n. What is the units digit of p?
4
Let m(l) = l**3 - 21*l**2 - 23*l + 32. Let v be m(23). Let f = -261 + v. What is the units digit of f?
0
What is the tens digit of (-38*6*(-6)/(-90))/(1/(-400))?
8
Let i = 803 + -111. What is the hundreds digit of i?
6
Let r be ((-6556)/(-8) - 4) + 2/4. Suppose 6*q = 10*q - r. What is the tens digit of q?
0
What is the hundreds digit of 275568/(-48)*(-2)/2?
7
Suppose -x + 4*l = 2, 5*x - 5 = 5*l - 0. Let w(n) = n. Let u(y) = 36*y**2 - 4*y + 2. Let f(j) = u(j) + 4*w(j). What is the units digit of f(x)?
6
Let r be ((-4566)/(-30))/1 - (-3)/(-15). Suppose -2*n + 234 + r = -4*m, -5*m = n - 228. What is the units digit of n?
3
Let c = 43163 - 29704. What is the hundreds digit of c?
4
Let b(t) = 5*t**2 - 11*t + 2. Let h be b(4). Suppose v - h = 102. Suppose 3*s = 22 + v. What is the units digit of s?
4
Suppose 15*t + 0*t = 11580. What is the tens digit of t?
7
Let q(l) = -199*l + 81. Let a be q(-13). Let u = a + -1700. What is the hundreds digit of u?
9
Suppose -101*o + 104*o - 51924 = -4*x, -4*x = -5*o - 51924. What is the hundreds digit of x?
9
Let a(r) = -2*r**3 + r**2 - 2*r + 243. Let l be a(0). Let k = 861 - 495. Let f = k - l. What is the tens digit of f?
2
Let k(h) = 7*h**2 - 16*h - 29. Let z be k(17). Suppose 6*d = 12*d - z. What is the hundreds digit of d?
2
Let j = -1059 - -2007. Suppose 0 = -8*f + 396 + j. What is the hundreds digit of f?
1
Suppose -12 = -9*c + 15. Suppose -c*a + 664 = -428. What is the tens digit of (-3 - a/8)/(2/(-4))?
9
Suppose r + 3*z + 18 - 118 = 0, -5*z = r - 100. Let k = r + 201. What is the hundreds digit of k?
3
Let o(j) = 4*j + 35. Let i(p) = p - 32. Let b be i(24). Let r be o(b). What is the units digit of r/18*-3 - 330/(-4)?
2
What is the tens digit of (0 - -76308)/(-215 - -218)?
3
Let i(g) = 4 - 10 + 13 - g. Let y be i(3). Suppose 3*m - 2*s = 286, -2*m - y*s + 196 = -0*m. What is the units digit of m?
6
Let c be (-870)/(-4)*76/(-95). What is the tens digit of (-167)/(-4) + (c/(-24) - 8)?
4
Let v(j) = 5*j**3 + 81*j**2 - 13*j + 37. What is the hundreds digit of v(-13)?
9
Let b = -4641 + 11005. What is the thousands digit of b?
6
Let b(k) = 6*k**3 + 522*k**2 + 9. Let t be b(-87). Suppose -4*h + 9 = -3. Suppose 4*p = -g + h + 14, 3*p = t. What is the units digit of g?
5
Let a = 83 - 78. Suppose -3*l - m + 227 = 0, 2*l - l - 97 = a*m. What is the units digit of l?
7
Let r = 49 - 49. Suppose -6*y + 5*y + 168 = r. Let i = -51 + y. What is the hundreds digit of i?
1
Let l(c) = 6*c**3 + 110*c**2 + 24*c + 7. Let h be l(-18). Let z(b) = -57*b**3 - 3*b**2 - 3*b - 3. Let a be z(-2). Let i = a - h. What is the units digit of i?
4
Suppose -2*k - 140 = 112. Let z = k - -251. Suppose z = 6*s - 241. What is the tens digit of s?
6
Suppose -4*p = -3*w - 2*w - 277, 4*w + 134 = 2*p. Suppose 52 = h - k, -4*h = -2*h + 3*k - 84. Let m = p - h. What is the tens digit of m?
2
Let l = 141 - 129. Let y be (-8)/l*3 + (-1 - -8). Suppose -4*x + 59 + 994 = 5*z, -y*z = -3*x + 746. What is the hundreds digit of x?
2
Suppose 7*k = -14*k + 567. Let n = k + 431. What is the hundreds digit of n?
4
Let n = -321 - -2906. Suppose 0 = 4*g + 5*u - n, -3222 = -5*g - 4*u + 7*u. What is the units digit of g?
5
Let b(c) = 12*c - 17. Suppose -5*m + 3*k + k + 96 = 0, 57 = 3*m - 3*k. What is the tens digit of b(m)?
2
Let r(h) be the first derivative of -8*h**2 + 125*h + 37. What is the hundreds digit of r(0)?
1
Let k = 774 + -2416. What is the units digit of k/(-14) - 54/189?
7
Let o = -169 - -187. Suppose -o*h + 15*h + 1458 = 0. What is the tens digit of h?
8
Let w be (-149)/2 + 1/(-2). Let d = w + 63. What is the units digit of (-1749)/d + -2 - (-1)/4?
4
Let w(a) be the first derivative of 7*a**3/3 + 8*a**2 - 136*a + 304. What is the tens digit of w(15)?
7
Let r be (-10)/6 + 1 - (-10582)/(-66). Let f = 1773 + r. Suppose 3*o + 10*o = f. What is the tens digit of o?
2
Let g be (-3)/9 - (-4629)/9. Suppose -15*n = -g - 341. What is the units digit of n?
7
Suppose 0*g - 5*g + 2*s = -130, -s - 29 = -g. Let h = g + 154. Suppose -2*k - 84 = -y, -h - 218 = -5*y - 2*k. What is the units digit of y?
0
Suppose -h - 276 = 5*h. Let y = h - -57. Suppose -y*c + 10*c = -3. What is the units digit of c?
3
Suppose -5*o + 101 = 4*c, 2*c - 23 = o + 24. Suppose c*t - 13165 = 6371. What is the units digit of t?
4
Let m(y) be the first derivative of 334*y**3/3 - 3*y**2 - 6*y + 47. What is the tens digit of m(-1)?
3
What is the ten thousands digit of 338/3*(2052/18 + 15) - 4?
1
Let w = 40 - 34. Let h = 256 + -248. Suppose -w = h*k - 30. What is the units digit of k?
3
Suppose -o = -3*p + 299, 3*p - 4*p - 2*o + 95 = 0. Let t = -103 + p. What is the hundreds digit of t/(-7) - 2876/(-14)?
2
Let i be (-1)/(-2) + 106/4. Let c = 99 - 115. Let y = i + c. What is the units digit of y?
1
Suppose -y = h + 11, 6*h + 38 = 2*h + 2*y. Let r = h + 10. Suppose 12*k - 73 - 143 = r. What is the units digit of k?
8
Suppose 5*f - v - 2*v + 17 = 0, 2*f + 3 = 5*v. Let r = f - -5. What is the units digit of ((-18)/8 - 3)/(r/(-48))?
2
Suppose -2 + 9 = -s. What is the tens digit of -1*((-1 - s) + -307)?
0
Let s(l) = -20*l**3 - 6*l**2 - 50*l - 18. What is the units digit of s(-6)?
6
Suppose -21 = -3*x - 3. Let u = 35 - x. What is the units digit of u + ((-21)/(-15) - (-2)/(-5))?
0
Let l(v) = -5*v - 34. Let y be l(-8). Let i(a) = -3*a**2 + 21*a - 15. Let c be i(y). Suppose -324 - 363 = -c*x. What is the tens digit of x?
2
Let h(y) = y**3 + 25*y**2 - 10*y + 137. What is the units digit of h(-25)?
7
Let h = -289 + 47255. What is the ten thousands digit of h?
4
Let r = 35436 + -23755. What is the tens digit of r?
8
Let u(j) = 16*j**2 - 45*j - 1. Let h be u(34). Suppose h = 23*w + 22*w. What is the tens digit of w?
7
Suppose -14*m + 38 = 10. Suppose -140 + 1499 = m*d - 5*l, -5*d - l = -3411. What is the tens digit of d?
8
Let c(k) = 1252*k**2 + 141*k + 134. What is the units digit of c(6)?
2
What is the units digit of (6/(-5))/((-105)/4259150)?
6
Let p(y) = 5*y**2 - 18*y + 613. What is the hundreds digit of p(-22)?
4
Let n = 5697 - 2766. What is the hundreds digit of n?
9
Suppose r + 5*v = 2320 + 13697, -6*v - 80147 = -5*r. What is the ten thousands digit of r?
1
Let j(c) be the first derivative of c**3/3 + 3*c**2 + 10*c + 3. Suppose -8 = a + 2. What is the tens digit of j(a)?
5
Let j be (-49168)/(-64) - (-1)/(-4). Suppose 0 = 3*g - 5*g + 2*h + j, 364 = g - 5*h. What is the tens digit of g?
8
Let u = 10095 + -3873. What is the thousands digit of u?
6
Let h(w) = w**3 + 153*w**2 - 373*w + 937. What is the hundreds digit of h(-152)?
7
Let f(j) = -267*j + 974. What is the ten thousands digit of f(-47)?
1
Let g(s) = 250*s + 11. Let v be g(-2). What is the tens digit of v/(-5) - 8/10?
9
Let z(w) = 191*w + 1583. What is the tens digit of z(6)?
2
Let w be ((-24)/20 - -3)*5. Suppose -5*o = -w - 1. Suppose t = o*t - 137. What is the hundreds digit of t?
1
Let n be (1/(-1)*233)/((-1)/4). What is the units digit of -2*(-4)/8*n?
2
Let x = -20506 - -34694. What is the units digit of x?
8
Let q = 6 + 18. Suppose -5*r - 3*r = -q. What is the tens digit of 1 + r + -2 + 249?
5
Suppose -2*c + 2708 + 4088 = 0. What is the hundreds digit of c?
3
What is the ten thousands digit of (((-222471)/(-15))/(-19))/((-1)/20)?
1
Suppose -d + 15691 = -4*f, -43*f = -5*d - 42*f + 78531. What is the ten thousands digit of d?
1
Suppose 6*z - 242 = 28*z. Let f(h) = 4*h**2 + 8*h + 30. What is the tens digit of f(z)?
2
Let f(s) = -s**3 + 40*s**2 - 46*s - 444. What is the units digit of f(36)?
4
Let k = 13769 + -6505. What is the